{"id":15945,"date":"2023-09-23T22:48:59","date_gmt":"2023-09-24T01:48:59","guid":{"rendered":"https:\/\/cooperflorabrasil.com.br\/site\/?page_id=15945"},"modified":"2023-09-24T00:44:05","modified_gmt":"2023-09-24T03:44:05","slug":"feeds","status":"publish","type":"page","link":"https:\/\/cooperflorabrasil.com.br\/site\/?page_id=15945","title":{"rendered":"V\u00eddeo Institucional"},"content":{"rendered":"<p>[vc_row][vc_column width=&#8221;1\/1&#8243;]<div class=\"spacer\" style=\"height: 40px;\"><\/div><h2 class=\"headline font-special fontsize-xl fontweight-600 lh-inherit align-left transform-uppercase \" style=\"margin: 0 0 20px 0;\">Apresenta\u00e7\u00f5es em V\u00eddeo<\/h2><div class=\"spacer\" style=\"height: 25px;\"><\/div>[vc_column_text]<\/p>\n<h1 style=\"text-align: center;\"><strong>Sobre a CooperFlora Brasil<\/strong><\/h1>\n<div style=\"text-align: -webkit-center;\">\n<div style=\"width: 640px;\" class=\"wp-video\"><!--[if lt IE 9]><script>document.createElement('video');<\/script><![endif]-->\n<video class=\"wp-video-shortcode\" id=\"video-15945-1\" width=\"640\" height=\"360\" preload=\"metadata\" controls=\"controls\"><source type=\"video\/mp4\" src=\"https:\/\/cooperflorabrasil.com.br\/intranet\/assets\/videos\/Sobre-nos.mp4?_=1\" \/><a href=\"https:\/\/cooperflorabrasil.com.br\/intranet\/assets\/videos\/Sobre-nos.mp4\">https:\/\/cooperflorabrasil.com.br\/intranet\/assets\/videos\/Sobre-nos.mp4<\/a><\/video><\/div><\/div>\n<p>&nbsp;<\/p>\n<h1 style=\"text-align: center;\"><strong>Desafios e Avan\u00e7os no Setor Florestal em Mato Grosso<\/strong><\/h1>\n<div style=\"text-align: -webkit-center;\">\n<div style=\"width: 640px;\" class=\"wp-video\"><video class=\"wp-video-shortcode\" id=\"video-15945-2\" width=\"640\" height=\"360\" preload=\"metadata\" controls=\"controls\"><source type=\"video\/mp4\" src=\"https:\/\/cooperflorabrasil.com.br\/intranet\/assets\/videos\/Miguel-Weber_Desafios-e-avan%C3%A7os-do-setor-florestal.mp4?_=2\" \/><a href=\"https:\/\/cooperflorabrasil.com.br\/intranet\/assets\/videos\/Miguel-Weber_Desafios-e-avan%C3%A7os-do-setor-florestal.mp4\">https:\/\/cooperflorabrasil.com.br\/intranet\/assets\/videos\/Miguel-Weber_Desafios-e-avan%C3%A7os-do-setor-florestal.mp4<\/a><\/video><\/div>\n<p>No v\u00eddeo, Miguel Weber, presidente do Grupo Fertmig e da Cooperflora Brasil, esclarece brevemente os desafios e avan\u00e7os do setor florestal em Mato Grosso.<\/p><\/div>\n<p>[\/vc_column_text]<div class=\"spacer\" style=\"height: 40px;\"><\/div>[\/vc_column][\/vc_row]<\/p>\n","protected":false},"excerpt":{"rendered":"<p>[vc_row][vc_column width=&#8221;1\/1&#8243;][vc_column_text] Sobre a CooperFlora Brasil &nbsp; Desafios e Avan\u00e7os no Setor Florestal em Mato Grosso No v\u00eddeo, Miguel Weber, presidente do Grupo Fertmig e da Cooperflora Brasil, esclarece brevemente os desafios e avan\u00e7os do setor florestal em Mato Grosso. [\/vc_column_text][\/vc_column][\/vc_row]<\/p>\n","protected":false},"author":1,"featured_media":0,"parent":0,"menu_order":0,"comment_status":"closed","ping_status":"closed","template":"","meta":[],"_links":{"self":[{"href":"https:\/\/cooperflorabrasil.com.br\/site\/index.php?rest_route=\/wp\/v2\/pages\/15945"}],"collection":[{"href":"https:\/\/cooperflorabrasil.com.br\/site\/index.php?rest_route=\/wp\/v2\/pages"}],"about":[{"href":"https:\/\/cooperflorabrasil.com.br\/site\/index.php?rest_route=\/wp\/v2\/types\/page"}],"author":[{"embeddable":true,"href":"https:\/\/cooperflorabrasil.com.br\/site\/index.php?rest_route=\/wp\/v2\/users\/1"}],"replies":[{"embeddable":true,"href":"https:\/\/cooperflorabrasil.com.br\/site\/index.php?rest_route=%2Fwp%2Fv2%2Fcomments&post=15945"}],"version-history":[{"count":11,"href":"https:\/\/cooperflorabrasil.com.br\/site\/index.php?rest_route=\/wp\/v2\/pages\/15945\/revisions"}],"predecessor-version":[{"id":15956,"href":"https:\/\/cooperflorabrasil.com.br\/site\/index.php?rest_route=\/wp\/v2\/pages\/15945\/revisions\/15956"}],"wp:attachment":[{"href":"https:\/\/cooperflorabrasil.com.br\/site\/index.php?rest_route=%2Fwp%2Fv2%2Fmedia&parent=15945"}],"curies":[{"name":"wp","href":"https:\/\/api.w.org\/{rel}","templated":true}]}}

Vídeo Institucional

<p>[vc_row][vc_column width=&#8221;1/1&#8243;]<div class="spacer" style="height: 40px;"></div><h2 class="headline font-special fontsize-xl fontweight-600 lh-inherit align-left transform-uppercase " style="margin: 0 0 20px 0;">Apresentações em Vídeo</h2><div class="spacer" style="height: 25px;"></div>[vc_column_text]</p>
<h1 style="text-align: center;"><strong>Sobre a CooperFlora Brasil</strong></h1>
<div style="text-align: -webkit-center;">
<div style="width: 640px;" class="wp-video"><!--[if lt IE 9]><script>document.createElement('video');</script><![endif]-->
<video class="wp-video-shortcode" id="video-15945-1" width="640" height="360" preload="metadata" controls="controls"><source type="video/mp4" src="https://cooperflorabrasil.com.br/intranet/assets/videos/Sobre-nos.mp4?_=1" /><a href="https://cooperflorabrasil.com.br/intranet/assets/videos/Sobre-nos.mp4">https://cooperflorabrasil.com.br/intranet/assets/videos/Sobre-nos.mp4</a></video></div></div>
<p>&nbsp;</p>
<h1 style="text-align: center;"><strong>Desafios e Avanços no Setor Florestal em Mato Grosso</strong></h1>
<div style="text-align: -webkit-center;">
<div style="width: 640px;" class="wp-video"><video class="wp-video-shortcode" id="video-15945-2" width="640" height="360" preload="metadata" controls="controls"><source type="video/mp4" src="https://cooperflorabrasil.com.br/intranet/assets/videos/Miguel-Weber_Desafios-e-avan%C3%A7os-do-setor-florestal.mp4?_=2" /><a href="https://cooperflorabrasil.com.br/intranet/assets/videos/Miguel-Weber_Desafios-e-avan%C3%A7os-do-setor-florestal.mp4">https://cooperflorabrasil.com.br/intranet/assets/videos/Miguel-Weber_Desafios-e-avan%C3%A7os-do-setor-florestal.mp4</a></video></div>
<p>No vídeo, Miguel Weber, presidente do Grupo Fertmig e da Cooperflora Brasil, esclarece brevemente os desafios e avanços do setor florestal em Mato Grosso.</p></div>
<p>[/vc_column_text]<div class="spacer" style="height: 40px;"></div>[/vc_column][/vc_row]</p>

<p>[vc_row][vc_column width=&#8221;1/1&#8243;][vc_column_text] Sobre a CooperFlora Brasil &nbsp; Desafios e Avanços no Setor Florestal em Mato Grosso No vídeo, Miguel Weber, presidente do Grupo Fertmig e da Cooperflora Brasil, esclarece brevemente os desafios e avanços do setor florestal em Mato Grosso. [/vc_column_text][/vc_column][/vc_row]</p>
